e 800 = -23*d + 27*d - 4*r, 3*r = 2*d - 404. Calculate the remainder when d is divided by 156.
40
Let k be (-98)/(-4)*(-108)/(-63). Suppose 2*a + 0*a + 4*l - 234 = 0, 507 = 4*a - 5*l. Let y = a - k. Calculate the remainder when y is divided by 14.
11
Let o(l) = 18*l + 42. Let d be o(-4). What is the remainder when (-1977)/(-12) + d/40 is divided by 55?
54
What is the remainder when 16 is divided by (4/(-18) - 20/(-90)) + 16?
0
Let m = -30 - 86. Let c = -87 - m. Calculate the remainder when 108 is divided by c.
21
Let h = -24 + 37. Suppose -414 = -2*s + g + 193, -5*s - 4*g + 1511 = 0. Suppose -298*q = -s*q + 120. What is the remainder when q is divided by h?
11
Let y(h) = -h**3 + 25*h**2 - 99*h - 58. Calculate the remainder when 1816 is divided by y(19).
0
Let l(a) = -a**2 - 14*a + 90. Calculate the remainder when 863 is divided by l(4).
17
Suppose -3*p - 30*p + 99 = 0. Suppose p*t - 1085 = 2*r, -17*t + 2*r = -12*t - 1815. Calculate the remainder when t is divided by 46.
43
Let n(w) = w + 9. Let i be n(24). Suppose i*p - 189 = 12*p. What is the remainder when 151 is divided by p?
7
Suppose 30*i + 13761 = 32*i - 3*t, 3*t = 5*i - 34371. Calculate the remainder when i is divided by 79.
76
Let c = -2996 - -5119. Calculate the remainder when c is divided by 125.
123
Calculate the remainder when 2637/18 + (-3)/(-2) is divided by 47.
7
Let r = 53 - 42. Suppose r*f - 15*f = -4. What is the remainder when 119 is divided by f*(-124)/((-20)/5)?
26
Suppose -5*j + 154 = -w, -4*j + 19*w - 18*w = -122. Let d = -16 - -23. Suppose -d*s = -2*s - 315. Calculate the remainder when s is divided by j.
31
Let d = 159 + -157. Suppose -5*y - d*h + 239 = 0, 0*y = 3*y - 3*h - 135. What is the remainder when y is divided by 26?
21
Let k be (-14 - -14)*(2 - 1). Let h be 184 - (-1 - (-1 + 2)). Suppose 0 = 2*a - p - 72, k*p + p + h = 5*a. What is the remainder when 111 is divided by a?
35
Let o = 5 + 12. Calculate the remainder when (23/(-5))/(((-325)/125)/13) is divided by o.
6
Let u(o) = -4*o**3 + 17. What is the remainder when 103 is divided by u(-2)?
5
Let t(q) = q**3 + 8*q**2 - 5*q - 7. Let s(n) = -7*n - 2. Calculate the remainder when t(-8) is divided by s(-2).
9
What is the remainder when 480 is divided by 114/2 - ((-52)/10 + 15/75)?
46
Suppose -4 = -4*a, 0 = 5*o - 5*a - 17 - 8. Calculate the remainder when 243 is divided by -3 - o*(-156)/18.
47
Let v be -8 - (-7 + (-4 - -7)). Let r be (-4)/(v/3) - 60. Let h = r + 78. What is the remainder when 39 is divided by h?
18
Let v = -12 - -27. Suppose 11*b - 230 = 485. Let m = 109 - b. What is the remainder when m is divided by v?
14
Suppose -7073 = -58*k - 2955. Suppose -3*b = -5*j - 64, 0*j + j = 3*b - 56. What is the remainder when k is divided by b?
17
Suppose n - 65 = -8*h + 6*h, 0 = -4*h + 8. Let a = 107 - n. What is the remainder when 365 is divided by a?
43
Suppose 4*h = -6*a + 4*a + 20372, 5*h - 25486 = a. Calculate the remainder when h is divided by 17.
13
Suppose 3*o + 122 = 5*p - 287, -2*p + 2*o = -166. Suppose -5*h + 7 = -78. Calculate the remainder when p is divided by h.
12
Let r = 112 + -111. Suppose 2*a - 3*o = 29, -18*o = 2*a - 15*o + r. Suppose 4 + 28 = k. What is the remainder when k is divided by a?
4
Let u(i) be the first derivative of -3*i**2/2 - 20*i + 37. Calculate the remainder when 102/2 + 1 + -1 is divided by u(-11).
12
Let f = -55 + 48. Let k be (-2)/f + (-356)/(-28). Let r(b) = b**3 - 12*b**2 - 10*b - 21. Calculate the remainder when r(k) is divided by 5.
3
Let x(z) = 5*z - 20. Let p be x(4). Suppose -4*d + 90 + 70 = p. Calculate the remainder when d is divided by (-10)/(-40) - 57/(-12).
0
Suppose b - 2*x = 597, -6*b - 4*x = -5*b - 627. Calculate the remainder when b is divided by 114.
37
Let v(s) = 129*s**2 - 696*s - 5476. What is the remainder when v(-8) is divided by 2780?
8
Let y(s) = -8*s**3 - 3*s**2 - 7*s - 9. Let z be y(-4). Suppose -441 - z = -22*f. What is the remainder when f is divided by 16?
10
Let d be -3 + (43 - 0) + 4. Let k = d + -37. Suppose 12*l - k*l - 85 = 0. Calculate the remainder when l is divided by 8.
1
Let x(u) = -149*u - 91. Calculate the remainder when 712 is divided by x(-3).
0
Suppose 18*y - 15187 - 3437 = -564*y. Let g(c) = c**2 - c - 6. Calculate the remainder when y is divided by g(6).
8
Suppose -r + 5*r = 4*w + 436, -4*r - 299 = 3*w. Let c = -87 - w. What is the remainder when 140 is divided by c?
14
Suppose -3*i = -2*n + 106, -15*n - 4*i = -13*n - 148. Calculate the remainder when 2350 is divided by n.
56
Let c(u) = 8*u**2 + 19*u + 41. Calculate the remainder when c(-9) is divided by 19.
5
Suppose -3*d + 5*d = -v + 407, 2*d = -2*v + 404. What is the remainder when 1222 is divided by d?
197
Let g(k) = k**2 + 12*k + 39. Suppose 4*u - 997 + 179 = -5*p, -838 = -4*u + 5*p. What is the remainder when u is divided by g(-13)?
51
Suppose 26*g - 43200 = -64*g. What is the remainder when g is divided by 41?
29
Let x = -8494 - -8560. Calculate the remainder when 385 is divided by x.
55
Let v(l) = -13*l**2 - 98*l + 3. Calculate the remainder when 170 is divided by v(-1).
82
Let l = 38 + -92. Calculate the remainder when 381 is divided by (27/l)/(1/(-70)).
31
Suppose 0 = -9*v + v + 520. Let o(z) = 5*z - 3. Let l = 5 + -1. What is the remainder when v is divided by o(l)?
14
Suppose -2*k + 246 + 503 = -5*j, 5*j - 5 = 0. Let r = -363 + k. Calculate the remainder when (-104)/3*6/(-4) is divided by r.
10
Calculate the remainder when 117 is divided by 2 - (6 + -1 - (111 - 9)).
18
Suppose 12*r = 4912 - 1060. Let a = 335 - r. Suppose -s = -30 - 9. Calculate the remainder when s is divided by a.
11
Suppose 11*p - 24 = 3*p. Suppose -4*n + 11 + 776 = -t, -1005 = -5*n - p*t. What is the remainder when n is divided by 25?
23
Let k(b) = b**3 - 97*b**2 + 223*b - 688. Calculate the remainder when k(95) is divided by 806.
29
Suppose -x + 0*x + 19 = 0. Suppose 5*b + 4*o - 178 = 0, -20*b + 19*b = o - 36. Calculate the remainder when b is divided by x.
15
Suppose -117423 + 21383 = -392*b. What is the remainder when b is divided by 144?
101
Suppose 2*f - 13 = -m + 1, 5*m = 3*f + 18. Suppose 3*n + 172 = 6*n - 7*n. What is the remainder when m*(-16)/(-24) - (n - 1) is divided by 17?
14
Let s(f) = 954*f + 1274. What is the remainder when s(0) is divided by 10?
4
Suppose -17*i - 2110 = -19*i. Suppose 4*n + f - 786 - 49 = 0, 5*n + 5*f = i. Suppose 9*p - n = p. What is the remainder when 181 is divided by p?
25
Let o(k) = -314*k - 1267. Calculate the remainder when o(-9) is divided by 311.
4
Let i = -3996 + 4408. What is the remainder when i is divided by 11?
5
Suppose 38*l - 50*l = -1836. Let n = -174 - -252. What is the remainder when l is divided by n?
75
Suppose 3*q + 12 = 0, -97*q + 102*q - 8775 = -5*t. Calculate the remainder when t is divided by 160.
159
Let h = -15713 - -15841. What is the remainder when 259 is divided by h?
3
Suppose -10*j + 27 = -13. Let v be 50/4 + (-2)/(-4). Suppose j*i = v + 7. Calculate the remainder when 19 is divided by i.
4
Let m = -161 - -162. Calculate the remainder when 74 is divided by 380/5*m*(-3)/(-6).
36
Suppose -2029084 - 3227236 = -344*p. Calculate the remainder when p is divided by 15.
10
Suppose 17*g - 5691 = -3022. What is the remainder when 168 is divided by g?
11
Let i(t) = 4*t**3 + t**2. Let k(r) = 2*r**2 + 6*r - 18. Let f be k(-9). What is the remainder when (f/60)/((-6)/(-40)) is divided by i(1)?
0
Let v = -53 - -35. Suppose 3*d - 3*f + 144 = 0, -3*d - 3*f + 26 = 152. Calculate the remainder when (-3416)/v - ((-215)/d - 5) is divided by 48.
46
Suppose 23*y - 69 = 800 + 856. What is the remainder when 26997 is divided by y?
72
Suppose -8*z = -2097 - 895. Calculate the remainder when z is divided by 27.
23
Suppose o - 4*n - 2667 = 0, 4*o + 78*n = 83*n + 10602. What is the remainder when o is divided by 21?
18
Suppose 0 = -4*s - 4*p + 40, -7 = 3*s + 4*p - 42. Suppose s*b + 0*u = -u + 199, 4*u - 16 = 0. Calculate the remainder when 72 is divided by b.
33
Suppose -k = 9 + 39. Let c = k + 301. What is the remainder when c is divided by 64?
61
Let w be (2 + 3)/1 - 3. Let g be w/(-4)*6*5. Calculate the remainder when 27 is divided by 0 + 14 - (0 - g/(-5)).
10
Suppose -660 = -41*b + 11*b. Suppose 0 = 21*y - b*y + 22. What is the remainder when 85 is divide